{"id":152,"date":"2021-03-10T11:19:54","date_gmt":"2021-03-10T10:19:54","guid":{"rendered":"http:\/\/triangle-de-weimar.org\/?page_id=152"},"modified":"2021-03-10T11:19:54","modified_gmt":"2021-03-10T10:19:54","slug":"le-jeune-triangle-de-weimar","status":"publish","type":"page","link":"https:\/\/triangle-de-weimar.org\/index.php\/le-jeune-triangle-de-weimar\/","title":{"rendered":"Le Jeune Triangle de Weimar"},"content":{"rendered":"<p>L&rsquo;association Triangle de Weimar entend offrir aux \u00e9tudiants et aux jeunes dipl\u00f4m\u00e9s l&rsquo;opportunit\u00e9 de prendre un part active \u00e0 l&rsquo;amiti\u00e9 franco-germano-polonaise. Ces jeunes repr\u00e9sentent l&rsquo;avenir de l&rsquo;Europe.<\/p>\n<p>Pour ce faire, nous d\u00e9veloppons des activit\u00e9s permettant de mettre en lien la jeunesse des trois pays et leur permettre d&rsquo;exprimer leur vision de l&rsquo;Europe de demain ainsi que de commencer \u00e0 la b\u00e2tir.<\/p>\n<p>Vous trouverez ci-dessous l&rsquo;ensemble des activit\u00e9s que nous organisons pour r\u00e9fl\u00e9chir ensemble et construire un projet commun.<\/p>\n","protected":false},"excerpt":{"rendered":"<p>L&rsquo;association Triangle de Weimar entend offrir aux \u00e9tudiants et aux jeunes dipl\u00f4m\u00e9s l&rsquo;opportunit\u00e9 de prendre un part active \u00e0 l&rsquo;amiti\u00e9 franco-germano-polonaise. Ces jeunes repr\u00e9sentent l&rsquo;avenir de l&rsquo;Europe. Pour ce faire, nous d\u00e9veloppons des activit\u00e9s permettant de mettre en lien la &hellip; <a href=\"https:\/\/triangle-de-weimar.org\/index.php\/le-jeune-triangle-de-weimar\/\">Continuer la lecture <span class=\"meta-nav\">&rarr;<\/span><\/a><\/p>\n","protected":false},"author":1,"featured_media":0,"parent":0,"menu_order":0,"comment_status":"closed","ping_status":"closed","template":"","meta":{"footnotes":""},"class_list":["post-152","page","type-page","status-publish","hentry"],"_links":{"self":[{"href":"https:\/\/triangle-de-weimar.org\/index.php\/wp-json\/wp\/v2\/pages\/152","targetHints":{"allow":["GET"]}}],"collection":[{"href":"https:\/\/triangle-de-weimar.org\/index.php\/wp-json\/wp\/v2\/pages"}],"about":[{"href":"https:\/\/triangle-de-weimar.org\/index.php\/wp-json\/wp\/v2\/types\/page"}],"author":[{"embeddable":true,"href":"https:\/\/triangle-de-weimar.org\/index.php\/wp-json\/wp\/v2\/users\/1"}],"replies":[{"embeddable":true,"href":"https:\/\/triangle-de-weimar.org\/index.php\/wp-json\/wp\/v2\/comments?post=152"}],"version-history":[{"count":1,"href":"https:\/\/triangle-de-weimar.org\/index.php\/wp-json\/wp\/v2\/pages\/152\/revisions"}],"predecessor-version":[{"id":153,"href":"https:\/\/triangle-de-weimar.org\/index.php\/wp-json\/wp\/v2\/pages\/152\/revisions\/153"}],"wp:attachment":[{"href":"https:\/\/triangle-de-weimar.org\/index.php\/wp-json\/wp\/v2\/media?parent=152"}],"curies":[{"name":"wp","href":"https:\/\/api.w.org\/{rel}","templated":true}]}}

<p>L&rsquo;association Triangle de Weimar entend offrir aux étudiants et aux jeunes diplômés l&rsquo;opportunité de prendre un part active à l&rsquo;amitié franco-germano-polonaise. Ces jeunes représentent l&rsquo;avenir de l&rsquo;Europe.</p>
<p>Pour ce faire, nous développons des activités permettant de mettre en lien la jeunesse des trois pays et leur permettre d&rsquo;exprimer leur vision de l&rsquo;Europe de demain ainsi que de commencer à la bâtir.</p>
<p>Vous trouverez ci-dessous l&rsquo;ensemble des activités que nous organisons pour réfléchir ensemble et construire un projet commun.</p>

<p>L&rsquo;association Triangle de Weimar entend offrir aux étudiants et aux jeunes diplômés l&rsquo;opportunité de prendre un part active à l&rsquo;amitié franco-germano-polonaise. Ces jeunes représentent l&rsquo;avenir de l&rsquo;Europe. Pour ce faire, nous développons des activités permettant de mettre en lien la &hellip; <a href="https://triangle-de-weimar.org/index.php/le-jeune-triangle-de-weimar/">Continuer la lecture <span class="meta-nav">&rarr;</span></a></p>
