{"id":35,"date":"2021-01-01T20:28:39","date_gmt":"2021-01-01T19:28:39","guid":{"rendered":"http:\/\/triangle-de-weimar.org\/?page_id=35"},"modified":"2021-02-10T12:02:40","modified_gmt":"2021-02-10T11:02:40","slug":"partenaires","status":"publish","type":"page","link":"http:\/\/triangle-de-weimar.org\/index.php\/partenaires\/","title":{"rendered":"Partenaires"},"content":{"rendered":"<p>Il y a une coop\u00e9ration intense avec les repr\u00e9sentants des trois \u00c9tats, des r\u00e9gions partenaires, des ambassades et des consulats ainsi que de nombreux autres partenaires:<\/p>\n<p>&nbsp;<\/p>\n<p><img loading=\"lazy\" decoding=\"async\" class=\"wp-image-57 alignleft\" src=\"http:\/\/triangle-de-weimar.org\/wp-content\/uploads\/2021\/01\/cropped-Logo-Triangle-de-Weimar-300x300.png\" alt=\"cropped-Logo-Triangle-de-Weimar.png\" width=\"55\" height=\"55\" srcset=\"http:\/\/triangle-de-weimar.org\/wp-content\/uploads\/2021\/01\/cropped-Logo-Triangle-de-Weimar-300x300.png 300w, http:\/\/triangle-de-weimar.org\/wp-content\/uploads\/2021\/01\/cropped-Logo-Triangle-de-Weimar-150x150.png 150w, http:\/\/triangle-de-weimar.org\/wp-content\/uploads\/2021\/01\/cropped-Logo-Triangle-de-Weimar-270x270.png 270w, http:\/\/triangle-de-weimar.org\/wp-content\/uploads\/2021\/01\/cropped-Logo-Triangle-de-Weimar-192x192.png 192w, http:\/\/triangle-de-weimar.org\/wp-content\/uploads\/2021\/01\/cropped-Logo-Triangle-de-Weimar-180x180.png 180w, http:\/\/triangle-de-weimar.org\/wp-content\/uploads\/2021\/01\/cropped-Logo-Triangle-de-Weimar-32x32.png 32w, http:\/\/triangle-de-weimar.org\/wp-content\/uploads\/2021\/01\/cropped-Logo-Triangle-de-Weimar.png 512w\" sizes=\"auto, (max-width: 55px) 100vw, 55px\" \/>\u00a0 \u00a0<a href=\"https:\/\/www.weimarer-dreieck.org\/\">Weimarer Dreieck<\/a><\/p>\n<p>&nbsp;<\/p>\n<p><a href=\"https:\/\/www.weimarer-dreieck.org\/\"><img loading=\"lazy\" decoding=\"async\" class=\"wp-image-57 alignleft\" src=\"http:\/\/triangle-de-weimar.org\/wp-content\/uploads\/2021\/01\/cropped-Logo-Triangle-de-Weimar-300x300.png\" alt=\"cropped-Logo-Triangle-de-Weimar.png\" width=\"55\" height=\"55\" srcset=\"http:\/\/triangle-de-weimar.org\/wp-content\/uploads\/2021\/01\/cropped-Logo-Triangle-de-Weimar-300x300.png 300w, http:\/\/triangle-de-weimar.org\/wp-content\/uploads\/2021\/01\/cropped-Logo-Triangle-de-Weimar-150x150.png 150w, http:\/\/triangle-de-weimar.org\/wp-content\/uploads\/2021\/01\/cropped-Logo-Triangle-de-Weimar-270x270.png 270w, http:\/\/triangle-de-weimar.org\/wp-content\/uploads\/2021\/01\/cropped-Logo-Triangle-de-Weimar-192x192.png 192w, http:\/\/triangle-de-weimar.org\/wp-content\/uploads\/2021\/01\/cropped-Logo-Triangle-de-Weimar-180x180.png 180w, http:\/\/triangle-de-weimar.org\/wp-content\/uploads\/2021\/01\/cropped-Logo-Triangle-de-Weimar-32x32.png 32w, http:\/\/triangle-de-weimar.org\/wp-content\/uploads\/2021\/01\/cropped-Logo-Triangle-de-Weimar.png 512w\" sizes=\"auto, (max-width: 55px) 100vw, 55px\" \/><\/a>\u00a0 \u00a0<a href=\"https:\/\/www.facebook.com\/Stowarzyszenie.Trojkat.Weimarski\/\">Stowarzyszenie Tr\u00f3jkat Weimarski<\/a><\/p>\n<p>&nbsp;<\/p>\n<p><img loading=\"lazy\" decoding=\"async\" class=\"wp-image-130 alignleft\" src=\"http:\/\/triangle-de-weimar.org\/wp-content\/uploads\/2021\/01\/GI-300x300.jpg\" alt=\"GI\" width=\"59\" height=\"59\" srcset=\"http:\/\/triangle-de-weimar.org\/wp-content\/uploads\/2021\/01\/GI-300x300.jpg 300w, http:\/\/triangle-de-weimar.org\/wp-content\/uploads\/2021\/01\/GI-150x150.jpg 150w, http:\/\/triangle-de-weimar.org\/wp-content\/uploads\/2021\/01\/GI-768x768.jpg 768w, http:\/\/triangle-de-weimar.org\/wp-content\/uploads\/2021\/01\/GI.jpg 900w\" sizes=\"auto, (max-width: 59px) 100vw, 59px\" \/>\u00a0 <a href=\"https:\/\/www.goethe.de\/ins\/fr\/fr\/sta\/par.html\">Institut Goethe Frankreich<\/a><\/p>\n<p>&nbsp;<\/p>\n<p><a href=\"https:\/\/www.ofaj.org\/\">Office Franco-Allemand pour la Jeunesse<\/a><img loading=\"lazy\" decoding=\"async\" class=\"wp-image-128 alignleft\" src=\"http:\/\/triangle-de-weimar.org\/wp-content\/uploads\/2021\/01\/ofaj_dfjw_logo_bleu-300x191.jpg\" alt=\"ofaj_dfjw_logo_bleu\" width=\"64\" height=\"41\" srcset=\"http:\/\/triangle-de-weimar.org\/wp-content\/uploads\/2021\/01\/ofaj_dfjw_logo_bleu-300x191.jpg 300w, http:\/\/triangle-de-weimar.org\/wp-content\/uploads\/2021\/01\/ofaj_dfjw_logo_bleu-768x489.jpg 768w, http:\/\/triangle-de-weimar.org\/wp-content\/uploads\/2021\/01\/ofaj_dfjw_logo_bleu-1024x652.jpg 1024w, http:\/\/triangle-de-weimar.org\/wp-content\/uploads\/2021\/01\/ofaj_dfjw_logo_bleu.jpg 1100w\" sizes=\"auto, (max-width: 64px) 100vw, 64px\" \/><\/p>\n<p>&nbsp;<\/p>\n<p><a href=\"http:\/\/www.stiftung-genshagen.de\/fr\/la-fondation\/de-l-association-a-la-fondation.html\"><img loading=\"lazy\" decoding=\"async\" class=\"wp-image-129 alignleft\" src=\"http:\/\/triangle-de-weimar.org\/wp-content\/uploads\/2021\/01\/Logo-Fondation-Genshagen-2-300x112.png\" alt=\"Logo-Fondation-Genshagen-2\" width=\"107\" height=\"40\" srcset=\"http:\/\/triangle-de-weimar.org\/wp-content\/uploads\/2021\/01\/Logo-Fondation-Genshagen-2-300x112.png 300w, http:\/\/triangle-de-weimar.org\/wp-content\/uploads\/2021\/01\/Logo-Fondation-Genshagen-2-768x288.png 768w, http:\/\/triangle-de-weimar.org\/wp-content\/uploads\/2021\/01\/Logo-Fondation-Genshagen-2-1024x384.png 1024w, http:\/\/triangle-de-weimar.org\/wp-content\/uploads\/2021\/01\/Logo-Fondation-Genshagen-2.png 1667w\" sizes=\"auto, (max-width: 107px) 100vw, 107px\" \/><\/a><a href=\"http:\/\/www.stiftung-genshagen.de\/fr\/la-fondation\/de-l-association-a-la-fondation.html\">Fondation Genshagen<\/a><\/p>\n<p>&nbsp;<\/p>\n<p><a href=\"https:\/\/www.maison-heinrich-heine.org\/?lang=fr\">Maison Heinrich Heine<\/a><\/p>\n<p>&nbsp;<\/p>\n<p>ainsi que d\u2018autres institutions polonaises, fran\u00e7aises et allemandes.<\/p>\n","protected":false},"excerpt":{"rendered":"<p>Il y a une coop\u00e9ration intense avec les repr\u00e9sentants des trois \u00c9tats, des r\u00e9gions partenaires, des ambassades et des consulats ainsi que de nombreux autres partenaires: &nbsp; \u00a0 \u00a0Weimarer Dreieck &nbsp; \u00a0 \u00a0Stowarzyszenie Tr\u00f3jkat Weimarski &nbsp; \u00a0 Institut Goethe Frankreich &hellip; <a href=\"http:\/\/triangle-de-weimar.org\/index.php\/partenaires\/\">Continuer la lecture <span class=\"meta-nav\">&rarr;<\/span><\/a><\/p>\n","protected":false},"author":1,"featured_media":0,"parent":0,"menu_order":0,"comment_status":"closed","ping_status":"closed","template":"","meta":{"footnotes":""},"class_list":["post-35","page","type-page","status-publish","hentry"],"_links":{"self":[{"href":"http:\/\/triangle-de-weimar.org\/index.php\/wp-json\/wp\/v2\/pages\/35","targetHints":{"allow":["GET"]}}],"collection":[{"href":"http:\/\/triangle-de-weimar.org\/index.php\/wp-json\/wp\/v2\/pages"}],"about":[{"href":"http:\/\/triangle-de-weimar.org\/index.php\/wp-json\/wp\/v2\/types\/page"}],"author":[{"embeddable":true,"href":"http:\/\/triangle-de-weimar.org\/index.php\/wp-json\/wp\/v2\/users\/1"}],"replies":[{"embeddable":true,"href":"http:\/\/triangle-de-weimar.org\/index.php\/wp-json\/wp\/v2\/comments?post=35"}],"version-history":[{"count":10,"href":"http:\/\/triangle-de-weimar.org\/index.php\/wp-json\/wp\/v2\/pages\/35\/revisions"}],"predecessor-version":[{"id":140,"href":"http:\/\/triangle-de-weimar.org\/index.php\/wp-json\/wp\/v2\/pages\/35\/revisions\/140"}],"wp:attachment":[{"href":"http:\/\/triangle-de-weimar.org\/index.php\/wp-json\/wp\/v2\/media?parent=35"}],"curies":[{"name":"wp","href":"https:\/\/api.w.org\/{rel}","templated":true}]}}

<p>Il y a une coopération intense avec les représentants des trois États, des régions partenaires, des ambassades et des consulats ainsi que de nombreux autres partenaires:</p>
<p>&nbsp;</p>
<p><img loading="lazy" decoding="async" class="wp-image-57 alignleft" src="http://triangle-de-weimar.org/wp-content/uploads/2021/01/cropped-Logo-Triangle-de-Weimar-300x300.png" alt="cropped-Logo-Triangle-de-Weimar.png" width="55" height="55" srcset="http://triangle-de-weimar.org/wp-content/uploads/2021/01/cropped-Logo-Triangle-de-Weimar-300x300.png 300w, http://triangle-de-weimar.org/wp-content/uploads/2021/01/cropped-Logo-Triangle-de-Weimar-150x150.png 150w, http://triangle-de-weimar.org/wp-content/uploads/2021/01/cropped-Logo-Triangle-de-Weimar-270x270.png 270w, http://triangle-de-weimar.org/wp-content/uploads/2021/01/cropped-Logo-Triangle-de-Weimar-192x192.png 192w, http://triangle-de-weimar.org/wp-content/uploads/2021/01/cropped-Logo-Triangle-de-Weimar-180x180.png 180w, http://triangle-de-weimar.org/wp-content/uploads/2021/01/cropped-Logo-Triangle-de-Weimar-32x32.png 32w, http://triangle-de-weimar.org/wp-content/uploads/2021/01/cropped-Logo-Triangle-de-Weimar.png 512w" sizes="auto, (max-width: 55px) 100vw, 55px" />   <a href="https://www.weimarer-dreieck.org/">Weimarer Dreieck</a></p>
<p>&nbsp;</p>
<p><a href="https://www.weimarer-dreieck.org/"><img loading="lazy" decoding="async" class="wp-image-57 alignleft" src="http://triangle-de-weimar.org/wp-content/uploads/2021/01/cropped-Logo-Triangle-de-Weimar-300x300.png" alt="cropped-Logo-Triangle-de-Weimar.png" width="55" height="55" srcset="http://triangle-de-weimar.org/wp-content/uploads/2021/01/cropped-Logo-Triangle-de-Weimar-300x300.png 300w, http://triangle-de-weimar.org/wp-content/uploads/2021/01/cropped-Logo-Triangle-de-Weimar-150x150.png 150w, http://triangle-de-weimar.org/wp-content/uploads/2021/01/cropped-Logo-Triangle-de-Weimar-270x270.png 270w, http://triangle-de-weimar.org/wp-content/uploads/2021/01/cropped-Logo-Triangle-de-Weimar-192x192.png 192w, http://triangle-de-weimar.org/wp-content/uploads/2021/01/cropped-Logo-Triangle-de-Weimar-180x180.png 180w, http://triangle-de-weimar.org/wp-content/uploads/2021/01/cropped-Logo-Triangle-de-Weimar-32x32.png 32w, http://triangle-de-weimar.org/wp-content/uploads/2021/01/cropped-Logo-Triangle-de-Weimar.png 512w" sizes="auto, (max-width: 55px) 100vw, 55px" /></a>   <a href="https://www.facebook.com/Stowarzyszenie.Trojkat.Weimarski/">Stowarzyszenie Trójkat Weimarski</a></p>
<p>&nbsp;</p>
<p><img loading="lazy" decoding="async" class="wp-image-130 alignleft" src="http://triangle-de-weimar.org/wp-content/uploads/2021/01/GI-300x300.jpg" alt="GI" width="59" height="59" srcset="http://triangle-de-weimar.org/wp-content/uploads/2021/01/GI-300x300.jpg 300w, http://triangle-de-weimar.org/wp-content/uploads/2021/01/GI-150x150.jpg 150w, http://triangle-de-weimar.org/wp-content/uploads/2021/01/GI-768x768.jpg 768w, http://triangle-de-weimar.org/wp-content/uploads/2021/01/GI.jpg 900w" sizes="auto, (max-width: 59px) 100vw, 59px" />  <a href="https://www.goethe.de/ins/fr/fr/sta/par.html">Institut Goethe Frankreich</a></p>
<p>&nbsp;</p>
<p><a href="https://www.ofaj.org/">Office Franco-Allemand pour la Jeunesse</a><img loading="lazy" decoding="async" class="wp-image-128 alignleft" src="http://triangle-de-weimar.org/wp-content/uploads/2021/01/ofaj_dfjw_logo_bleu-300x191.jpg" alt="ofaj_dfjw_logo_bleu" width="64" height="41" srcset="http://triangle-de-weimar.org/wp-content/uploads/2021/01/ofaj_dfjw_logo_bleu-300x191.jpg 300w, http://triangle-de-weimar.org/wp-content/uploads/2021/01/ofaj_dfjw_logo_bleu-768x489.jpg 768w, http://triangle-de-weimar.org/wp-content/uploads/2021/01/ofaj_dfjw_logo_bleu-1024x652.jpg 1024w, http://triangle-de-weimar.org/wp-content/uploads/2021/01/ofaj_dfjw_logo_bleu.jpg 1100w" sizes="auto, (max-width: 64px) 100vw, 64px" /></p>
<p>&nbsp;</p>
<p><a href="http://www.stiftung-genshagen.de/fr/la-fondation/de-l-association-a-la-fondation.html"><img loading="lazy" decoding="async" class="wp-image-129 alignleft" src="http://triangle-de-weimar.org/wp-content/uploads/2021/01/Logo-Fondation-Genshagen-2-300x112.png" alt="Logo-Fondation-Genshagen-2" width="107" height="40" srcset="http://triangle-de-weimar.org/wp-content/uploads/2021/01/Logo-Fondation-Genshagen-2-300x112.png 300w, http://triangle-de-weimar.org/wp-content/uploads/2021/01/Logo-Fondation-Genshagen-2-768x288.png 768w, http://triangle-de-weimar.org/wp-content/uploads/2021/01/Logo-Fondation-Genshagen-2-1024x384.png 1024w, http://triangle-de-weimar.org/wp-content/uploads/2021/01/Logo-Fondation-Genshagen-2.png 1667w" sizes="auto, (max-width: 107px) 100vw, 107px" /></a><a href="http://www.stiftung-genshagen.de/fr/la-fondation/de-l-association-a-la-fondation.html">Fondation Genshagen</a></p>
<p>&nbsp;</p>
<p><a href="https://www.maison-heinrich-heine.org/?lang=fr">Maison Heinrich Heine</a></p>
<p>&nbsp;</p>
<p>ainsi que d‘autres institutions polonaises, françaises et allemandes.</p>

<p>Il y a une coopération intense avec les représentants des trois États, des régions partenaires, des ambassades et des consulats ainsi que de nombreux autres partenaires: &nbsp;    Weimarer Dreieck &nbsp;    Stowarzyszenie Trójkat Weimarski &nbsp;   Institut Goethe Frankreich &hellip; <a href="http://triangle-de-weimar.org/index.php/partenaires/">Continuer la lecture <span class="meta-nav">&rarr;</span></a></p>
